- 278 = 2294. Suppose -u - 1425 = -5*k. Is k a prime number?
False
Let f(j) = j**2 + j. Suppose 7*t - 4*t = 18. Let n(p) = -38*p**3 - 6*p**2 - 4*p + 1. Let w(x) = t*f(x) + n(x). Is w(-1) a prime number?
True
Suppose -16 = -4*c, 0 = y - 2*c + 3 - 2. Let x be 4 - y - 294/(-2). Suppose k - 3*k = -3*t + 238, 2*t = 5*k + x. Is t prime?
False
Suppose 4*d + 54 = 7*d. Suppose 14*i - d*i = -1876. Is i composite?
True
Let v(z) = z**3 + 15*z**2 + 5*z - 1. Let n be (-80)/12*(-6)/(-4). Is v(n) a prime number?
True
Is 1429528/168 + ((-57)/(-63) - 1) a composite number?
True
Let x(i) = 3*i**2 - 12*i - 155. Is x(48) a composite number?
True
Let v be 51 + 1/(2/4). Let i = v - -138. Is i composite?
False
Suppose -x - 2*g + 8045 = 0, 0*x - 2*x + 16118 = -3*g. Is x a prime number?
True
Let y(n) = 3817*n**2 + 4*n - 1. Let q be y(1). Suppose 5*w - 3*s - 4774 = s, -4*w + 3*s = -q. Is w a composite number?
True
Suppose 0*v + 11778 = 2*v. Suppose 4*q - v = -w, -1476 = -q - 3*w + 2*w. Is q composite?
False
Suppose 3*p + 3*j = 17253, 0*p - 4*p = j - 23010. Is p prime?
False
Let h(l) = -l**3 + 6*l**2. Let v be h(5). Let j(y) = 0 + 0 + v*y**2 + 2*y + 5 + 0. Is j(4) prime?
False
Let l = -8 + 18. Suppose -l = -y - 0*y. Suppose y*s = 5*s + 935. Is s a composite number?
True
Let a = 101 - 101. Suppose 120 = -b + 2*b. Is b - 2 - (a + -1) composite?
True
Let r = 2873 - -4236. Is r a prime number?
True
Let v(y) = -76*y**2 + y + 6. Let m be v(-5). Is (6/(-9))/(6/m) a prime number?
True
Let i be -1837 + -1 - (17 - 16). Let q = 5332 + i. Is q a composite number?
True
Let b = -8 + 1. Let d(c) = -4*c + 5. Let o be d(b). Suppose 3*n = -9 + 3, -m - 2*n + o = 0. Is m composite?
False
Let y(p) = -p**3 - 4*p**2 + 7*p + 12. Let c be y(-8). Suppose -8*m + 6*m + c = 0. Is m prime?
False
Let d = 61 + -78. Let i(k) = -18*k - 49. Is i(d) composite?
False
Let u(x) = -x - 1. Let d be u(-4). Suppose -2*t + d = 5. Is t/(2*1/(-246)) a composite number?
True
Suppose -5*d - 5*z + 77625 = 0, 7*d - 4*z - 62116 = 3*d. Is d composite?
False
Let v(c) = -17*c**3 - 4*c**2 + 2*c - 7. Is v(-4) prime?
True
Let w(s) = 4*s**2 + s - 11. Let v be w(8). Let z = v - -120. Is z composite?
False
Suppose -15193 = -5*p + 7212. Is p a prime number?
True
Let m(z) = -z**2 + 12*z - 18. Let t be m(8). Suppose -t*a - 6906 = -17*a. Is a prime?
False
Is ((-21399)/(-84))/((-1)/(-20)) a prime number?
False
Let m(o) = -40*o + 509. Is m(-33) prime?
False
Let u be (-10227)/4 - (-9)/12. Let k = u + 3611. Is k a composite number?
True
Let x(r) be the second derivative of -r**5/20 + r**4/12 + 2863*r**2/2 - 4*r. Let z be x(0). Suppose h + 1909 = 2*l, 0 = -l - 2*l + 2*h + z. Is l composite?
True
Let k(g) = 22*g + 3. Let o be ((-9)/(-9))/((-2)/(-8)). Suppose -3*r + o*l = -10, -2*r + 8 - 2 = -2*l. Is k(r) prime?
True
Is 3/(-21) - (-1 + 125302/(-14)) a composite number?
False
Let z = -103403 - -154596. Is z prime?
True
Let o(h) = -h**2 + 12*h - 27. Let b be o(8). Suppose b*z = 8*z - 663. Is z prime?
False
Let r = -4362 + 6335. Is r a composite number?
False
Let l(h) = 4*h - 5. Let b be l(2). Let x(d) = -d**2 - 5*d - 4. Let r be x(-4). Suppose b*g - 127 - 74 = r. Is g a prime number?
True
Let s(k) = 4*k**2 - 9*k - 10. Let x(o) = 2*o + 7. Let d be x(-6). Let g(z) = -z**3 - 6*z**2 - 4*z - 2. Let h be g(d). Is s(h) prime?
False
Let s = 108 - -974. Suppose -3*j = 3*i - 994 - 617, 0 = -2*i - 4*j + s. Is i composite?
True
Let j = 19 + -19. Suppose 0*l + 4*l = j. Suppose l = -6*g + g + 935. Is g prime?
False
Let q be 0/3 + 2 - -12. Suppose -2*t - 4*r = -2*r - 10, q = t + 4*r. Suppose -t*c + 6*a + 12 = 3*a, -2*c = 2*a - 12. Is c prime?
False
Let s = 18 + -8. Suppose i - s*i + 1098 = 0. Is i composite?
True
Let z(f) = -f - 2. Let r be z(-2). Let i(j) = j**2 - j. Let t(n) = -3*n**2 + 3*n - 34. Let h(o) = -2*i(o) - t(o). Is h(r) a prime number?
False
Let q = -55 - -125. Suppose -219 = -w - q. Is w composite?
False
Suppose -2 = k - 5. Suppose -k*i + y = 61, 0 = 3*y - 3. Is (1 - 23/4)*i a composite number?
True
Let n be (-35)/(-5) - (-2 + 5). Let z be n/(4/3) + -734. Let i = -284 - z. Is i composite?
True
Let x = -3270 + 9889. Is x composite?
False
Let n = 179 - 547. Let m = 183 + n. Let x = -44 - m. Is x a composite number?
True
Suppose -2774 = -2*d + 4004. Is d a composite number?
False
Let h = 74 + -24. Is (0 + h/4)*(-83 + 85) a prime number?
False
Suppose -7*v + 103164 = -20099. Is v prime?
True
Let f be (-3)/((-9)/(-60)*-2). Let a(k) = k**2 - 11*k + 12. Let i be a(f). Is (i/(-4))/((-3)/474) composite?
False
Suppose 3*v - 5*v - 94 = 0. Let k = 67 + v. Suppose -16*q = -k*q + 2516. Is q prime?
False
Let q(o) = o**3 + 15*o**2 + 25*o + 3. Let s be q(-10). Suppose -2*i + 4*p = -234, 3*i = -2*p + 138 + s. Is i a prime number?
True
Suppose 378 = j + 1086. Let l = j + 1357. Is l a prime number?
False
Suppose -4*w - 6 - 22 = 0. Let b be (-2532)/(w + 3) + 0. Suppose 3*k + 0*k - b = 0. Is k a composite number?
False
Let s be (-9)/(-24) - 69/(-8). Suppose -11*d + 646 = -s*d. Is d a prime number?
False
Suppose -3*v = -19 + 13. Suppose 5*d + 1393 = v*i, -2741 = -5*i + i - 5*d. Is i composite?
True
Suppose 3*d + 3*y = 124 - 46, 0 = 2*d + y - 52. Let l = -16 + d. Is (-2595)/(-6)*8/l composite?
True
Suppose 1198 + 2799 = 5*o - 4*c, 2*o - 1579 = -5*c. Is o prime?
True
Let p(z) = -8*z**2. Let h be p(-1). Let v be h/(-10)*215/1. Suppose -377 = -5*x - 4*y + v, 0 = -3*x + 3*y + 351. Is x a prime number?
True
Suppose 7*h = h - 2010. Is h/(-3) - 0 - (-8)/6 prime?
True
Let x(h) = -12*h + 45. Let u be x(-12). Suppose 3*f - 3*p = 807 - u, 4*f + 3*p - 859 = 0. Is f prime?
True
Let r(g) = -g**3 + 6*g**2 + 10*g + 7. Let y(j) = -6*j**2 - 11*j - 7. Let x(m) = 2*r(m) + 3*y(m). Is x(-5) composite?
True
Let w(g) = 157*g**2 - 8*g - 13. Is w(6) a composite number?
False
Suppose -10 = -2*a - 0*a. Suppose 5*i + a*y + 395 = 0, 3*y - 82 - 131 = 3*i. Is (10/3)/((-10)/i) composite?
True
Let u(s) = s**2 + 7. Let o be u(0). Is o + -3 - -39 - -4 composite?
False
Suppose m = 3*l - 7456, -5*l + 3*l + 2*m = -4972. Let p = 1188 - l. Let b = -182 - p. Is b a prime number?
False
Suppose 4*z + 513 = -5*z. Let w = z + 136. Is w a composite number?
False
Suppose -5*x + 5*w + 268720 = 0, 16*x - 13*x - 5*w = 161238. Is x a prime number?
False
Let q = -9 - -14. Suppose 0 = -4*s - q*w + 5918, w - 4*w = -6. Is s composite?
True
Suppose -k + 9*n - 10*n + 6 = 0, -5*k + n = -12. Is 5918/33*k/1 a prime number?
False
Is (-8)/2*(-25)/20*3631 a prime number?
False
Let h = 746 - 282. Suppose 5*c - h = -3*f, 4*f + 4*c - 466 = f. Is f prime?
False
Suppose -1 = j - 3. Let a = 30 - 24. Suppose 0 = -j*l + a + 8. Is l composite?
False
Suppose -3*p - 2*f = -30348, -7*p + 40475 = -3*p - f. Is p composite?
True
Let v be 32/(-10) - -5 - (-1)/5. Suppose 5*h = -5*y + 11675, 9328 = 2*y + v*y - 2*h. Is y prime?
True
Let g(u) = -2*u**3 + 10*u**2 + 17. Suppose 3*f = 4*f - 2*a + 13, a + 18 = -3*f. Is g(f) composite?
False
Suppose -5*r = 13 + 22. Let l(b) = -4*b**3 - 6*b**2 - 5*b + 6. Is l(r) a composite number?
True
Let k(s) = -3*s + 11. Let a be k(4). Is a + 0 + (-3 - -2157) a prime number?
True
Let c(j) be the first derivative of -2/3*j**3 + 1/4*j**4 - 7*j + 3/2*j**2 - 2. Is c(7) a composite number?
True
Let d = 601 - -1372. Is d composite?
False
Suppose -14*t + 11*t = -45. Suppose 1231 + 7244 = t*o. Is o prime?
False
Is (-12)/2 + (-139270)/(-38) a composite number?
False
Suppose 4*o + 624 = -1352. Let h = 705 + o. Suppose 3*n + 5*k - h = 0, 2*n - 6*n = -2*k - 238. Is n prime?
False
Let m be 0/(-2*3/6). Suppose -5*a + m*a + 30 = 0. Is ((-2)/a)/((-3)/2223) a composite number?
True
Suppose 2*t + 2*t + 16 = j, 0 = 3*j - t - 26. Is (28/j)/((-3)/(-78)) composite?
True
Let v(s) = -s**3 - 28*s**2 - 32*s - 80. Is v(-27) prime?
False
Let p(n) = 9*n**2 + 9*n - 10. Let u be p(-9). Is 2 + (4 - 3) + u prime?
True
Let l(v) = 46*v**2 - 5*v + 12. Let j = 42 + -37. Is l(j) composite?
True
Let f(u) = 6*u**2 - 5*u - 63. Is f(16) prime?
False
Let r(o) = 9*o**3 + 6*o**2 + 3*o - 31. Is r(4) composite?
False
Let b(l) = l**2 - 23*l - 29. Is b(-12) a composite number?
True
Let s = 231 + -466. Let q = s - -458. Is q a prime number?
True
Suppose 24*k = 25*k - 15793. Is k a composite number?
True
Suppose -51*f + 7925 = -46*f. Suppose -4*w + 3*i = -1579, 2